 is the tens digit of 9814?
1
What is the tens digit of 303630?
3
What is the hundred thousands digit of 1087813?
0
What is the units digit of 365021?
1
What is the ten thousands digit of 973322?
7
What is the tens digit of 35466?
6
What is the hundred thousands digit of 1018251?
0
What is the millions digit of 6389392?
6
What is the hundreds digit of 1815487?
4
What is the tens digit of 230715?
1
What is the thousands digit of 2630542?
0
What is the hundreds digit of 23409949?
9
What is the tens digit of 10441623?
2
What is the ten thousands digit of 6261164?
6
What is the hundred thousands digit of 6870380?
8
What is the hundred thousands digit of 5392442?
3
What is the hundred thousands digit of 450963?
4
What is the ten thousands digit of 225095?
2
What is the thousands digit of 2850519?
0
What is the tens digit of 2743650?
5
What is the ten thousands digit of 459430?
5
What is the thousands digit of 2564161?
4
What is the tens digit of 56870?
7
What is the hundreds digit of 220786?
7
What is the ten thousands digit of 1071842?
7
What is the thousands digit of 102519?
2
What is the tens digit of 2455488?
8
What is the hundred thousands digit of 590166?
5
What is the ten thousands digit of 385478?
8
What is the hundred thousands digit of 2682891?
6
What is the units digit of 1069137?
7
What is the tens digit of 59841?
4
What is the units digit of 42440?
0
What is the thousands digit of 12721529?
1
What is the hundred thousands digit of 739848?
7
What is the units digit of 1957151?
1
What is the tens digit of 36173312?
1
What is the hundreds digit of 9146224?
2
What is the hundreds digit of 1019098?
0
What is the ten thousands digit of 4493486?
9
What is the units digit of 773669?
9
What is the hundreds digit of 717223?
2
What is the hundreds digit of 851614?
6
What is the units digit of 99243?
3
What is the thousands digit of 10741657?
1
What is the hundred thousands digit of 6707203?
7
What is the units digit of 479788?
8
What is the hundreds digit of 167639?
6
What is the hundred thousands digit of 1030102?
0
What is the hundreds digit of 370540?
5
What is the hundreds digit of 4494143?
1
What is the ten thousands digit of 29085?
2
What is the ten thousands digit of 4167492?
6
What is the units digit of 118277?
7
What is the ten thousands digit of 12498225?
9
What is the thousands digit of 3463966?
3
What is the ten thousands digit of 26072965?
7
What is the thousands digit of 483032?
3
What is the units digit of 24097985?
5
What is the hundreds digit of 2114593?
5
What is the thousands digit of 518778?
8
What is the units digit of 8017811?
1
What is the tens digit of 25942?
4
What is the thousands digit of 133403?
3
What is the hundred thousands digit of 5422804?
4
What is the tens digit of 300046?
4
What is the hundreds digit of 1457770?
7
What is the hundreds digit of 1155468?
4
What is the tens digit of 718192?
9
What is the millions digit of 1157184?
1
What is the hundreds digit of 168762?
7
What is the thousands digit of 2023114?
3
What is the units digit of 565701?
1
What is the thousands digit of 83065?
3
What is the hundreds digit of 155074?
0
What is the units digit of 3453676?
6
What is the hundreds digit of 8462076?
0
What is the thousands digit of 1336739?
6
What is the millions digit of 8254580?
8
What is the ten thousands digit of 4265112?
6
What is the units digit of 60772?
2
What is the units digit of 1086415?
5
What is the hundreds digit of 3216383?
3
What is the hundred thousands digit of 807364?
8
What is the hundreds digit of 2384357?
3
What is the thousands digit of 2348056?
8
What is the hundreds digit of 32770951?
9
What is the units digit of 1226442?
2
What is the hundreds digit of 230135?
1
What is the millions digit of 2714372?
2
What is the hundreds digit of 200211?
2
What is the thousands digit of 2560316?
0
What is the hundred thousands digit of 357720?
3
What is the hundred thousands digit of 4319487?
3
What is the ten thousands digit of 179531?
7
What is the hundreds digit of 559282?
2
What is the hundred thousands digit of 3164003?
1
What is the ten thousands digit of 1373982?
7
What is the ten thousands digit of 726775?
2
What is the tens digit of 3345210?
1
What is the thousands digit of 375352?
5
What is the units digit of 8392507?
7
What is the hundred thousands digit of 797343?
7
What is the tens digit of 4887422?
2
What is the hundreds digit of 786793?
7
What is the ten thousands digit of 608106?
0
What is the units digit of 125160?
0
What is the units digit of 3937747?
7
What is the ten thousands digit of 7550982?
5
What is the ten thousands digit of 4525871?
2
What is the hundreds digit of 731550?
5
What is the thousands digit of 3850540?
0
What is the ten thousands digit of 536763?
3
What is the hundred thousands digit of 561515?
5
What is the ten thousands digit of 10394700?
9
What is the ten thousands digit of 1857979?
5
What is the hundred thousands digit of 4511121?
5
What is the units digit of 952943?
3
What is the units digit of 356226?
6
What is the hundreds digit of 1729121?
1
What is the units digit of 451721?
1
What is the tens digit of 1818124?
2
What is the hundred thousands digit of 977035?
9
What is the ten millions digit of 18268042?
1
What is the thousands digit of 12868244?
8
What is the tens digit of 192177?
7
What is the units digit of 2658967?
7
What is the ten thousands digit of 325805?
2
What is the hundred thousands digit of 4104781?
1
What is the tens digit of 1355948?
4
What is the units digit of 5684440?
0
What is the ten millions digit of 10247976?
1
What is the millions digit of 13551226?
3
What is the ten thousands digit of 1730908?
3
What is the ten thousands digit of 285268?
8
What is the tens digit of 572573?
7
What is the tens digit of 828833?
3
What is the ten thousands digit of 3713249?
1
What is the tens digit of 5842420?
2
What is the units digit of 2460307?
7
What is the thousands digit of 4157643?
7
What is the thousands digit of 2867027?
7
What is the hundred thousands digit of 171029?
1
What is the ten thousands digit of 2038207?
3
What is the hundreds digit of 16979823?
8
What is the units digit of 207703?
3
What is the hundred thousands digit of 9741017?
7
What is the hundreds digit of 173484?
4
What is the ten thousands digit of 1450143?
5
What is the hundreds digit of 614999?
9
What is the thousands digit of 282628?
2
What is the thousands digit of 753362?
3
What is the hundred thousands digit of 1589366?
5
What is the ten thousands digit of 8042967?
4
What is the millions digit of 10296080?
0
What is the tens digit of 377145?
4
What is the hundreds digit of 791021?
0
What is the hundreds digit of 71933?
9
What is the hundred thousands digit of 168220?
1
What is the thousands digit of 1518684?
8
What is the thousands digit of 46536?
6
What is the thousands digit of 326091?
6
What is the millions digit of 2413360?
2
What is the millions digit of 12897877?
2
What is the thousands digit of 39475?
9
What is the hundred thousands digit of 1640813?
6
What is the millions digit of 2968414?
2
What is the hundreds digit of 2298304?
3
What is the units digit of 33122?
2
What is the hundreds digit of 519462?
4
What is the tens digit of 127338?
3
What is the ten thousands digit of 1730270?
3
What is the hundred thousands digit of 12271058?
2
What is the ten thousands digit of 871287?
7
What is the units digit of 171252?
2
What is the hundreds digit of 202907?
9
What is the ten thousands digit of 210437?
1
What is the hundreds digit of 459356?
3
What is the ten millions digit of 16240062?
1
What is the tens digit of 8140029?
2
What is the thousands digit of 28596442?
6
What is the hundreds digit of 11516575?
5
What is the tens digit of 14969651?
5
What is the millions digit of 22327880?
2
What is the units digit of 12031815?
5
What is the hundreds digit of 3183648?
6
What is the hundreds digit of 19651332?
3
What is the millions digit of 2112724?
2
What is the hundreds digit of 443792?
7
What is the tens digit of 4367986?
8
What is the units digit of 286440?
0
What is the hundreds digit of 1351093?
0
What is the ten thousands digit of 763382?
6
What is the millions digit of 13658896?
3
What is the units digit of 7851675?
5
What is the tens digit of 1241518?
1
W